7230 a multiple of 10?
True
Is 1326798 a multiple of 198?
True
Does 4 divide 326244?
True
Is 22 a factor of 117898?
True
Is 37 a factor of 6948785?
True
Is 86939 a multiple of 11?
False
Is 3776652 a multiple of 561?
True
Is 225907 a multiple of 121?
True
Does 15 divide 6934860?
True
Is 58101 a multiple of 29?
False
Is 2 a factor of 36602?
True
Does 144 divide 1800949?
False
Does 168 divide 6379800?
True
Does 160 divide 170378?
False
Does 812 divide 4859570?
False
Is 4132349 a multiple of 13?
True
Does 63 divide 56236?
False
Is 2066580 a multiple of 516?
True
Does 6 divide 687066?
True
Is 2705697 a multiple of 7?
False
Does 18 divide 7956144?
True
Does 340 divide 657239?
False
Does 37 divide 3382873?
True
Is 70 a factor of 70210?
True
Is 7 a factor of 17899?
True
Does 195 divide 632007?
False
Is 15 a factor of 161032?
False
Is 9574044 a multiple of 14?
False
Is 56453 a multiple of 5?
False
Is 296 a factor of 1830760?
True
Is 1301639 a multiple of 6?
False
Is 196165 a multiple of 151?
False
Does 52 divide 5272831?
False
Is 5943325 a multiple of 22?
False
Does 13 divide 1274553?
False
Does 8 divide 89026?
False
Is 476582 a multiple of 77?
False
Does 6 divide 2355778?
False
Is 479002 a multiple of 14?
False
Does 594 divide 983070?
True
Does 249 divide 87237?
False
Does 9 divide 835066?
False
Is 19819262 a multiple of 80?
False
Does 35 divide 25445?
True
Is 4321538 a multiple of 4?
False
Does 1286 divide 3285914?
False
Is 257880 a multiple of 10?
True
Does 91 divide 122577?
True
Is 28 a factor of 3817100?
True
Is 73 a factor of 18761?
True
Does 151 divide 155228?
True
Does 45 divide 710955?
True
Is 23 a factor of 261671?
True
Is 156 a factor of 697153?
False
Is 48 a factor of 2830182?
False
Is 13 a factor of 34873?
False
Does 578 divide 591872?
True
Is 200 a factor of 1082772?
False
Is 47 a factor of 913868?
True
Is 118800 a multiple of 11?
True
Is 57 a factor of 843885?
True
Is 130142 a multiple of 19?
False
Is 27 a factor of 6037065?
True
Does 30 divide 64230?
True
Is 1481850 a multiple of 178?
True
Does 6 divide 1447271?
False
Does 475 divide 322050?
True
Does 600 divide 1106889?
False
Is 11 a factor of 838085?
False
Does 421 divide 669409?
False
Is 181 a factor of 842361?
False
Is 534251 a multiple of 2?
False
Is 102 a factor of 265710?
True
Does 79 divide 1707190?
True
Does 48 divide 687709?
False
Does 82 divide 51250?
True
Does 42 divide 791616?
True
Is 33 a factor of 81180?
True
Is 134 a factor of 806144?
True
Is 142311 a multiple of 189?
False
Does 6 divide 170406?
True
Does 701 divide 2350708?
False
Is 63 a factor of 346059?
True
Is 70 a factor of 523450?
False
Is 199887 a multiple of 14?
False
Is 11722647 a multiple of 307?
False
Does 11 divide 1824647?
True
Is 3581231 a multiple of 549?
False
Is 155471 even?
False
Does 30 divide 349668?
False
Does 316 divide 61304?
True
Is 35 a factor of 1395279?
False
Is 13 a factor of 7325188?
True
Is 2884950 a multiple of 135?
True
Is 3 a factor of 1887228?
True
Is 128970 a multiple of 22?
False
Does 24 divide 165192?
True
Is 12 a factor of 87276?
True
Does 712 divide 4751272?
False
Is 680 a factor of 2028440?
True
Does 81 divide 77193?
True
Is 333 a factor of 344932?
False
Is 15 a factor of 20534295?
True
Is 2320 a factor of 18018150?
False
Is 379 a factor of 2161058?
True
Is 10 a factor of 78403?
False
Does 37 divide 133644?
True
Is 181886 a multiple of 13?
False
Is 85085 a multiple of 65?
True
Does 150 divide 145507?
False
Does 16 divide 1028352?
True
Does 765 divide 8921430?
True
Does 9 divide 1272263?
False
Does 15 divide 3144255?
True
Does 2 divide 84283?
False
Is 3865503 a multiple of 22?
False
Does 128 divide 466304?
True
Is 118 a factor of 3159188?
False
Does 11 divide 339581?
True
Does 169 divide 162481?
False
Is 298724 a multiple of 46?
True
Does 727 divide 277252?
False
Is 33511 a multiple of 23?
True
Does 38 divide 275688?
False
Is 13 a factor of 1065888?
False
Is 47 a factor of 145700?
True
Is 74 a factor of 3763901?
False
Is 78 a factor of 11516466?
True
Is 5969 even?
False
Does 16 divide 597072?
True
Is 5 a factor of 1080360?
True
Does 76 divide 342043?
False
Is 193 a factor of 3687104?
False
Is 11798347 a multiple of 11?
True
Does 48 divide 228768?
True
Does 95 divide 145445?
True
Is 177 a factor of 545684?
False
Is 25124 a multiple of 12?
False
Is 152 a factor of 47467?
False
Does 1556 divide 8251468?
True
Is 92 a factor of 202152?
False
Is 10 a factor of 328670?
True
Is 84 a factor of 240582?
False
Is 5334985 a multiple of 21?
False
Is 11499132 a multiple of 473?
False
Is 51524 a multiple of 11?
True
Does 492 divide 879090?
False
Does 36 divide 1507356?
True
Does 108 divide 4975823?
False
Does 104 divide 916656?
True
Is 203 a factor of 119464?
False
Does 27 divide 299646?
True
Is 19432 a multiple of 4?
True
Is 9771993 a multiple of 531?
True
Is 86435 a multiple of 58?
False
Is 16 a factor of 538074?
False
Does 371 divide 2922367?
True
Is 205620 a multiple of 298?
True
Does 29 divide 382395?
False
Does 28 divide 746400?
False
Does 9 divide 436644?
True
Does 10 divide 2426810?
True
Is 170203 a multiple of 60?
False
Is 18 a factor of 6489545?
False
Is 32 a factor of 472133?
False
Is 138157 a multiple of 31?
False
Does 2 divide 1669618?
True
Is 1352219 a multiple of 11?
True
Does 137 divide 87288?
False
Is 8 a factor of 198158?
False
Is 6 a factor of 1183271?
False
Is 269 a factor of 3705289?
False
Is 11221801 a multiple of 152?
False
Is 828 a factor of 14215323?
False
Is 22 a factor of 488444?
True
Is 349888 a multiple of 616?
True
Does 119 divide 58324?
False
Is 6 a factor of 1896?
True
Is 9 a factor of 2205855?
True
Is 799507 a multiple of 24?
False
Does 124 divide 785788?
True
Is 169376 a multiple of 4?
True
Does 6 divide 1948860?
True
Is 7 a factor of 8789704?
True
Does 37 divide 3136594?
False
Is 148695 a multiple of 15?
True
Is 206 a factor of 747780?
True
Does 447 divide 7087632?
True
Does 4 divide 97213?
False
Does 15 divide 13935?
True
Does 63 divide 1459458?
True
Is 157784 a multiple of 30?
False
Does 15 divide 616940?
False
Is 739 a factor of 21201910?
True
Is 161 a factor of 11197426?
False
Does 9 divide 4374810?
True
Is 8167715 a multiple of 510?
False
Is 7800281 a multiple of 18?
False
Is 214 a factor of 44726?
True
Is 227 a factor of 12711704?
False
Does 9 divide 104904?
True
Is 61 a factor of 6008500?
True
Does 25 divide 147075?
True
Is 106307 a multiple of 86?
False
Is 62663 a multiple of 12?
False
Is 471 a factor of 516687?
True
Does 34 divide 1679838?
True
Is 106800 a multiple of 150?
True
Is 7 a factor of 3515?
False
Does 213 divide 1164258?
True
Is 102 a factor of 4646304?
True
Does 446 divide 12393894?
True
Is 1525831 a multiple of 152?
False
Is 38 a factor of 20629?
False
Is 6153459 a multiple of 507?
True
Does 95 divide 2309830?
True
Is 53573 a multiple of 166?
False
Does 42 divide 2230511?
False
Does 118 divide 586122?
False
Is 275 a factor of 173800?
True
Does 165 divide 1292360?
False
Is 619017 a multiple of 21?
True
Is 16 a factor of 4059219?
False
Is 16998 a multiple of 11?
False
Is 12499930 a multiple of 170?
True
Is 260 a factor of 2427100?
True
Is 650876 a multiple of 116?
True
Is 1990018 a multiple of 4?
False
Is 7 a factor of 58310?
True
Is 4032 a multiple of 336?
True
Is 1525134 a multiple of 13?
True
Does 7 divide 3579814?
True
Does 8 divide 5207656?
True
Is 80 a factor of 559837?
False
Is 5 a factor of 121270?
True
Is 994722 a multiple of 196?
False
Is 52 a factor of 13857829?
False
Is 107 a factor of 93946?
True
Does 73 divide 560776?
False
Does 281 divide 11567312?
False
Is 188 a factor of 12813892?
True
Does 9 divide 376911?
True
Is 11 a factor of 1040710?
True
Is 100 a factor of 487000?
True
Does 90 divide 62997?
False
Does 311 divide 614935?
False
Is 988532 a multiple of 143?
False
Does 3 divide 85286?
False
Does 33 divide 832557?
True
Does 4 divide 5115858?
False
Does 27 divide 1588774?
False
Does 45 divide 197415?
True
Is 5877842 a multiple of 10?
False
Does 196 divide 9346620?
False
Does 42 divide 336336?
True
Is 14 a factor of 219590?
True
Does 64 divide 3169216?
True
Does 100 divide 96009?
False
Does 22 divide 249832?
True
Is 6 a factor of 69708?
True
Is 16 a factor of 355024?
True
Does 711 divide 2974824?
True
Is 715 a factor of 2659